, 3787361
List the prime factors of 1562530048.
2, 67, 91099
What are the prime factors of 30192411?
3, 67, 150211
What are the prime factors of 171590929?
171590929
List the prime factors of 2618337849.
3, 6197, 140839
What are the prime factors of 455390050?
2, 5, 17, 47, 11399
What are the prime factors of 82390613?
82390613
List the prime factors of 547686487.
41, 61, 218987
What are the prime factors of 18908700?
2, 3, 5, 63029
What are the prime factors of 76541101?
7, 13, 19, 44269
What are the prime factors of 571478695?
5, 114295739
List the prime factors of 159327181.
13, 61, 331, 607
List the prime factors of 1547938931.
7, 11, 20103103
What are the prime factors of 63597121?
7, 853, 10651
List the prime factors of 26654422.
2, 29, 181, 2539
What are the prime factors of 38345994?
2, 3, 157, 4523
What are the prime factors of 384294734?
2, 192147367
List the prime factors of 356630067.
3, 383, 34487
List the prime factors of 2499185831.
37, 67545563
What are the prime factors of 5314185668?
2, 11, 67, 1802641
What are the prime factors of 1450801591?
1450801591
List the prime factors of 5998141618.
2, 7, 23, 809903
List the prime factors of 1989454634.
2, 47, 167, 126733
List the prime factors of 58880316.
2, 3, 11, 17, 19, 1381
List the prime factors of 1231293061.
31, 39719131
What are the prime factors of 2116791147?
3, 73, 9665713
List the prime factors of 181720537.
43, 227, 18617
What are the prime factors of 3195572918?
2, 1597786459
What are the prime factors of 199735941?
3, 17, 3916391
What are the prime factors of 95479273?
137, 696929
List the prime factors of 60413226.
2, 3, 23, 317, 1381
List the prime factors of 75012726.
2, 3, 43, 167, 1741
List the prime factors of 21424244.
2, 5356061
List the prime factors of 579078683.
2017, 287099
What are the prime factors of 9183344?
2, 41, 13999
What are the prime factors of 59651866?
2, 29825933
What are the prime factors of 54629430?
2, 3, 5, 97, 18773
What are the prime factors of 555737820?
2, 3, 5, 11, 17, 49531
List the prime factors of 1530082960.
2, 5, 7, 17, 160723
What are the prime factors of 1001297280?
2, 3, 5, 17, 30677
What are the prime factors of 53620156?
2, 137, 97847
List the prime factors of 17794689.
3, 11, 539233
What are the prime factors of 93621807?
3, 71, 146513
What are the prime factors of 19240506?
2, 3, 1068917
What are the prime factors of 43163794?
2, 181, 119237
List the prime factors of 395834414.
2, 197917207
What are the prime factors of 1343010613?
7, 31, 877, 7057
List the prime factors of 74768774.
2, 131, 285377
List the prime factors of 462315034.
2, 17, 799853
List the prime factors of 9515951.
23, 413737
What are the prime factors of 124948221?
3, 41649407
List the prime factors of 94737647.
94737647
List the prime factors of 260359645.
5, 7, 13, 389, 1471
What are the prime factors of 18335571?
3, 17, 263, 1367
List the prime factors of 1244395119.
3, 11, 37708943
List the prime factors of 45092089.
7, 1811, 3557
What are the prime factors of 16463484?
2, 3, 457319
What are the prime factors of 516878815?
5, 103375763
List the prime factors of 3769622132.
2, 263, 467, 7673
List the prime factors of 1509920429.
109, 137, 101113
What are the prime factors of 608092113?
3, 83, 859, 2843
List the prime factors of 97256675.
5, 3890267
What are the prime factors of 419014986?
2, 3, 13, 593, 9059
List the prime factors of 1024520749.
7, 146360107
What are the prime factors of 120336418?
2, 157, 2441
List the prime factors of 208142585.
5, 7, 109, 54559
What are the prime factors of 212248442?
2, 7, 15160603
List the prime factors of 5209541.
5209541
List the prime factors of 9249816.
2, 3, 43, 8963
What are the prime factors of 116962402?
2, 37, 1580573
List the prime factors of 346483963.
7, 49497709
List the prime factors of 201589310.
2, 5, 13, 971, 1597
What are the prime factors of 963140020?
2, 5, 19, 41, 61819
List the prime factors of 839826954.
2, 3, 576013
What are the prime factors of 32352897?
3, 10784299
What are the prime factors of 1143611020?
2, 5, 509, 112339
What are the prime factors of 56173411?
7, 8024773
List the prime factors of 250662762.
2, 3, 7, 73681
List the prime factors of 456651808.
2, 929, 15361
List the prime factors of 89763840.
2, 3, 5, 487
List the prime factors of 27803763.
3, 13, 113, 701
What are the prime factors of 30662440?
2, 5, 43, 17827
What are the prime factors of 129489051?
3, 17, 233, 641
What are the prime factors of 2754870001?
13, 211913077
List the prime factors of 415975154.
2, 7, 29712511
What are the prime factors of 504621776?
2, 1279, 24659
List the prime factors of 601565870.
2, 5, 97, 620171
What are the prime factors of 84072487?
84072487
What are the prime factors of 291407170?
2, 5, 1621, 17977
List the prime factors of 923837457.
3, 109, 2825191
List the prime factors of 1624100560.
2, 5, 20301257
List the prime factors of 50873572.
2, 2347, 5419
What are the prime factors of 67246214?
2, 7, 4803301
List the prime factors of 48923689.
19, 113, 22787
List the prime factors of 66608743.
1097, 60719
What are the prime factors of 44856430?
2, 5, 4485643
What are the prime factors of 244694223?
3, 761, 11909
List the prime factors of 3960258573.
3, 1320086191
List the prime factors of 389163931.
13, 29935687
What are the prime factors of 12021496?
2, 1502687
List the prime factors of 2184395568.
2, 3, 45508241
What are the prime factors of 429213365?
5, 7, 17, 283, 2549
List the prime factors of 50231389.
13, 241, 16033
What are the prime factors of 1245359766?
2, 3, 7, 613, 48371
List the prime factors of 4859792741.
4859792741
What are the prime factors of 166080068?
2, 7, 11, 151, 3571
List the prime factors of 2580268388.
2, 29, 22243693
What are the prime factors of 796461259?
11, 72405569
What are the prime factors of 132361140?
2, 3, 5, 53, 107, 389
List the prime factors of 1367489165.
5, 7, 39071119
What are the prime factors of 110537015?
5, 22107403
What are the prime factors of 6735720356?
2, 283, 5950283
List the prime factors of 26422982.
2, 173, 76367
List the prime factors of 15490675.
5, 257, 2411
What are the prime factors of 1381685902?
2, 3911, 176641
List the prime factors of 1662082097.
13, 23, 59, 71, 1327
What are the prime factors of 86811175?
5, 11, 315677
What are the prime factors of 55129536?
2, 3, 7, 11, 113
What are the prime factors of 3107162835?
3, 5, 7, 107, 10243
What are the prime factors of 728081704?
2, 7, 13001459
List the prime factors of 259318542.
2, 3, 7, 67, 92153
List the prime factors of 347257198.
2, 17, 600791
What are the prime factors of 349212989?
19, 967349
What are the prime factors of 28571123?
7, 173, 23593
List the prime factors of 761982487.
7, 547, 28429
What are the prime factors of 226675601?
12829, 17669
What are the prime factors of 91234512?
2, 3, 17, 41, 101
List the prime factors of 1069998541.
43, 2131, 11677
What are the prime factors of 4463775426?
2, 3, 11, 127, 48413
List the prime factors of 50818447.
5351, 9497
List the prime factors of 561783375.
3, 5, 499363
List the prime factors of 6089012489.
7, 17752223
List the prime factors of 60046427.
7, 41, 209221
What are the prime factors of 2907158142?
2, 3, 7, 2381, 4153
List the prime factors of 487331833.
487331833
List the prime factors of 19219257.
3, 29, 73637
What are the prime factors of 129521822?
2, 19, 293, 11633
What are the prime factors of 940218430?
2, 5, 94021843
List the prime factors of 3926422015.
5, 14717, 53359
List the prime factors of 2699788101.
3, 439, 2049953
List the prime factors of 2020120005.
3, 5, 43, 563, 5563
What are the prime factors of 1381645460?
2, 5, 13, 5314021
What are the prime factors of 4625143680?
2, 3, 5, 181, 13309
List the prime factors of 839309683.
907, 925369
What are the prime factors of 2284256971?
3989, 572639
What are the prime factors of 339287689?
13, 47, 421, 1319
What are the prime factors of 53304678?
2, 3, 7, 423053
List the prime factors of 151651940.
2, 5, 11, 163, 4229
List the prime factors of 157440045.
3, 5, 7, 1499429
List the prime factors of 81023743.
79, 503, 2039
What are the prime factors of 34180666?
2, 13, 97, 13553
What are the prime factors of 23479107?
3, 7826369
What are the prim